 digit of 360050903?
0
What is the hundred thousands digit of 90925848?
9
What is the tens digit of 44654891?
9
What is the hundred thousands digit of 1906014222?
0
What is the ten thousands digit of 74219048?
1
What is the millions digit of 61756157?
1
What is the units digit of 224331146?
6
What is the ten thousands digit of 94546568?
4
What is the hundreds digit of 1775033781?
7
What is the hundred millions digit of 732103744?
7
What is the hundred millions digit of 207172546?
2
What is the ten millions digit of 2133309859?
3
What is the ten millions digit of 1965662981?
6
What is the millions digit of 69268428?
9
What is the thousands digit of 81710560?
0
What is the hundred millions digit of 155050871?
1
What is the hundred thousands digit of 103917485?
9
What is the ten thousands digit of 13478323?
7
What is the billions digit of 2640667763?
2
What is the ten thousands digit of 193609391?
0
What is the millions digit of 92278129?
2
What is the tens digit of 790239956?
5
What is the hundred thousands digit of 3582352308?
3
What is the billions digit of 1095321052?
1
What is the thousands digit of 4293088479?
8
What is the hundred thousands digit of 200612972?
6
What is the thousands digit of 6712849?
2
What is the ten millions digit of 65291771?
6
What is the ten thousands digit of 8926888?
2
What is the ten thousands digit of 312922115?
2
What is the ten thousands digit of 84512665?
1
What is the hundreds digit of 389127402?
4
What is the hundred thousands digit of 189760380?
7
What is the ten millions digit of 5576501906?
7
What is the thousands digit of 4136788?
6
What is the millions digit of 2268198609?
8
What is the ten millions digit of 127815557?
2
What is the hundred millions digit of 346227517?
3
What is the tens digit of 31105846?
4
What is the hundred thousands digit of 98262639?
2
What is the thousands digit of 45206568?
6
What is the tens digit of 255876454?
5
What is the ten millions digit of 574234716?
7
What is the hundred millions digit of 6886172831?
8
What is the hundred millions digit of 954149073?
9
What is the ten thousands digit of 1853962682?
6
What is the tens digit of 172473441?
4
What is the hundreds digit of 99031055?
0
What is the millions digit of 77860632?
7
What is the units digit of 47307996?
6
What is the ten thousands digit of 751504475?
0
What is the ten millions digit of 3811441066?
1
What is the units digit of 3719278?
8
What is the hundred millions digit of 131580773?
1
What is the millions digit of 132273053?
2
What is the hundreds digit of 103793327?
3
What is the ten millions digit of 38298831?
3
What is the thousands digit of 9217015?
7
What is the thousands digit of 511781?
1
What is the millions digit of 3157856831?
7
What is the thousands digit of 2249761002?
1
What is the thousands digit of 86194456?
4
What is the billions digit of 1248945025?
1
What is the tens digit of 1814675145?
4
What is the tens digit of 37068719?
1
What is the thousands digit of 381320054?
0
What is the ten millions digit of 53720655?
5
What is the hundred millions digit of 1137442351?
1
What is the units digit of 28720652?
2
What is the units digit of 143188257?
7
What is the thousands digit of 118224274?
4
What is the hundred thousands digit of 508581725?
5
What is the ten thousands digit of 30157465?
5
What is the hundreds digit of 1645411?
4
What is the billions digit of 2931197263?
2
What is the ten millions digit of 2972465610?
7
What is the ten thousands digit of 4045632148?
3
What is the hundred millions digit of 134028967?
1
What is the hundreds digit of 78439508?
5
What is the thousands digit of 4330755199?
5
What is the tens digit of 776457179?
7
What is the millions digit of 87369112?
7
What is the tens digit of 496703109?
0
What is the billions digit of 1962079346?
1
What is the hundred millions digit of 2464669503?
4
What is the thousands digit of 804584981?
4
What is the hundred thousands digit of 134327165?
3
What is the thousands digit of 1667774997?
4
What is the thousands digit of 1361391805?
1
What is the hundreds digit of 36281380?
3
What is the thousands digit of 242437286?
7
What is the ten millions digit of 1497731859?
9
What is the ten thousands digit of 2902458305?
5
What is the hundred millions digit of 133283046?
1
What is the thousands digit of 144957957?
7
What is the units digit of 268419253?
3
What is the hundreds digit of 476877665?
6
What is the hundred thousands digit of 426359160?
3
What is the hundreds digit of 1028141334?
3
What is the ten millions digit of 73816456?
7
What is the hundreds digit of 21067079?
0
What is the hundreds digit of 44329590?
5
What is the thousands digit of 603540320?
0
What is the tens digit of 522932045?
4
What is the thousands digit of 56395129?
5
What is the ten thousands digit of 215092966?
9
What is the hundred thousands digit of 48845456?
8
What is the tens digit of 58550596?
9
What is the hundreds digit of 1607369898?
8
What is the tens digit of 5855907?
0
What is the units digit of 86759910?
0
What is the units digit of 1099956208?
8
What is the ten millions digit of 877182933?
7
What is the hundred thousands digit of 444020839?
0
What is the ten thousands digit of 821823028?
2
What is the thousands digit of 40171682?
1
What is the units digit of 11669894?
4
What is the thousands digit of 227777745?
7
What is the tens digit of 88067771?
7
What is the ten thousands digit of 445088757?
8
What is the tens digit of 95033930?
3
What is the millions digit of 676560131?
6
What is the billions digit of 1082971477?
1
What is the units digit of 14186226?
6
What is the units digit of 537066073?
3
What is the hundred millions digit of 2334539081?
3
What is the millions digit of 622365353?
2
What is the thousands digit of 1727844691?
4
What is the hundred thousands digit of 658034270?
0
What is the ten thousands digit of 1174371905?
7
What is the millions digit of 258372735?
8
What is the units digit of 4979073785?
5
What is the hundred millions digit of 145571424?
1
What is the tens digit of 455590500?
0
What is the tens digit of 103446429?
2
What is the millions digit of 6130131?
6
What is the hundreds digit of 154066914?
9
What is the units digit of 177635002?
2
What is the ten thousands digit of 354096874?
9
What is the tens digit of 1642546986?
8
What is the hundreds digit of 27299482?
4
What is the ten millions digit of 48599987?
4
What is the ten thousands digit of 3716631056?
3
What is the tens digit of 4793849557?
5
What is the units digit of 68003291?
1
What is the hundred thousands digit of 114478526?
4
What is the hundreds digit of 1175720473?
4
What is the units digit of 2968684742?
2
What is the millions digit of 2903043393?
3
What is the ten millions digit of 2408048774?
0
What is the tens digit of 67918288?
8
What is the hundred thousands digit of 16087567?
0
What is the units digit of 403412019?
9
What is the units digit of 91306917?
7
What is the hundreds digit of 133458427?
4
What is the billions digit of 1252169847?
1
What is the ten millions digit of 3871696163?
7
What is the ten thousands digit of 56227754?
2
What is the tens digit of 80697033?
3
What is the ten thousands digit of 766086923?
8
What is the hundreds digit of 129740764?
7
What is the units digit of 13696907?
7
What is the millions digit of 4292296400?
2
What is the millions digit of 56086531?
6
What is the ten millions digit of 80854449?
8
What is the thousands digit of 486105492?
5
What is the millions digit of 784098258?
4
What is the hundred thousands digit of 323880692?
8
What is the ten thousands digit of 954771357?
7
What is the ten thousands digit of 4132220251?
2
What is the units digit of 164528467?
7
What is the hundred millions digit of 107611315?
1
What is the hundred thousands digit of 467440426?
4
What is the ten millions digit of 47662395?
4
What is the ten millions digit of 229481118?
2
What is the hundred millions digit of 707965232?
7
What is the tens digit of 233031925?
2
What is the hundred thousands digit of 26281675?
2
What is the ten millions digit of 56198614?
5
What is the ten millions digit of 262467595?
6
What is the units digit of 9531388651?
1
What is the thousands digit of 73596901?
6
What is the ten millions digit of 2688591399?
8
What is 